{"id":397,"date":"2018-07-17T22:49:21","date_gmt":"2018-07-17T22:49:21","guid":{"rendered":"http:\/\/www.zenco.pl\/?page_id=397"},"modified":"2021-01-08T19:06:58","modified_gmt":"2021-01-08T19:06:58","slug":"oferta-dla-firm-2","status":"publish","type":"page","link":"http:\/\/www.zenco.pl\/?page_id=397","title":{"rendered":"OFERTA DLA FIRM"},"content":{"rendered":"\n<figure class=\"wp-block-image\"><a href=\"http:\/\/www.zenco.pl\/wp-content\/uploads\/2018\/07\/firm.jpg\"><img loading=\"lazy\" width=\"2815\" height=\"1355\" src=\"http:\/\/www.zenco.pl\/wp-content\/uploads\/2018\/07\/firm.jpg\" alt=\"\" class=\"wp-image-398\" srcset=\"http:\/\/www.zenco.pl\/wp-content\/uploads\/2018\/07\/firm.jpg 2815w, http:\/\/www.zenco.pl\/wp-content\/uploads\/2018\/07\/firm-300x144.jpg 300w, http:\/\/www.zenco.pl\/wp-content\/uploads\/2018\/07\/firm-768x370.jpg 768w, http:\/\/www.zenco.pl\/wp-content\/uploads\/2018\/07\/firm-1024x493.jpg 1024w\" sizes=\"(max-width: 2815px) 100vw, 2815px\" \/><\/a><\/figure>\n\n\n\n<p><strong>Wsparcie w zwi\u0119kszaniu efektywno\u015bci os\u00f3b i zespo\u0142\u00f3w, kompetencji przyw\u00f3dczych &nbsp;w oparciu o metody coachingowe i projektowe:<\/strong><\/p>\n\n\n\n<p><strong>Executive coaching&nbsp;<\/strong><\/p>\n\n\n\n<ul><li>poprawa umiej\u0119tno\u015bci mened\u017cerskich, komunikacyjnych i postaw przyw\u00f3dczych<\/li><li>wdro\u017cenie rekomendacji rozwojowych otrzymanych w wyniku Assesment Center lub Feedback 360 stopni<\/li><li>przeciwdzia\u0142anie wypaleniu zawodowemu<\/li><li>utrwalenie i wdro\u017cenie umiej\u0119tno\u015bci nabytych na szkoleniach<\/li><li>wsparcie w osi\u0105ganiu cel\u00f3w osobistych i biznesowych<\/li><li>poprawa r\u00f3wnowagi pomi\u0119dzy \u017cyciem osobistym i zawodowym<\/li><\/ul>\n\n\n\n<p><strong>Team coaching<\/strong><\/p>\n\n\n\n<ul><li>poprawa relacji i komunikacji w zespole<\/li><li>zwi\u0119kszenie efektywno\u015bci i kreatywno\u015bci zespo\u0142u<\/li><li>wdro\u017cenie zmiany<\/li><li>poprawa wsp\u00f3\u0142pracy mi\u0119dzyzespo\u0142owej w firmie<\/li><li>team coaching Zespo\u0142u Zarz\u0105dzaj\u0105cego<\/li><\/ul>\n\n\n\n<p>Je\u015bli Tw\u00f3j zesp\u00f3\u0142 nie osi\u0105ga zak\u0142adanych efekt\u00f3w, ma skomplikowany projekt do zrealizowania, prze\u017cywa konflikty i spadek motywacji, stoi przed konieczn\u0105 i trudn\u0105 zmian\u0105 b\u0105d\u017a restrukturyzacj\u0105&#8230;. &nbsp;Team coaching jest sposobem na stworzenie kreatywnego zespo\u0142u, d\u0105\u017c\u0105cego do jasno postawionego celu.<\/p>\n\n\n\n<figure class=\"wp-block-image\"><a href=\"http:\/\/www.zenco.pl\/wp-content\/uploads\/2018\/07\/pozytywnosc-produktywnosc-opis.jpg\"><img loading=\"lazy\" width=\"809\" height=\"588\" src=\"http:\/\/www.zenco.pl\/wp-content\/uploads\/2018\/07\/pozytywnosc-produktywnosc-opis.jpg\" alt=\"\" class=\"wp-image-399\" srcset=\"http:\/\/www.zenco.pl\/wp-content\/uploads\/2018\/07\/pozytywnosc-produktywnosc-opis.jpg 809w, http:\/\/www.zenco.pl\/wp-content\/uploads\/2018\/07\/pozytywnosc-produktywnosc-opis-300x218.jpg 300w, http:\/\/www.zenco.pl\/wp-content\/uploads\/2018\/07\/pozytywnosc-produktywnosc-opis-768x558.jpg 768w\" sizes=\"(max-width: 809px) 100vw, 809px\" \/><\/a><\/figure>\n\n\n\n<p><strong>My\u015blenie Projektowe w organizacji<\/strong>&nbsp;<strong>(Design Thinking)<\/strong><\/p>\n\n\n\n<p>DT przeznaczone jest&nbsp;dla firm zmagaj\u0105cych si\u0119 z&nbsp;konkretnym problemem, wyzwaniem, konieczno\u015bci\u0105 zmiany, kt\u00f3re poszukuj\u0105 najbardziej efektywnych, ustrukturalizowanych strategii zapewniaj\u0105cych wygenerownie konkretnego, innowacyjnego rozwi\u0105zania. Design Thinking to ustrukturyzowane podej\u015bcie do innowacji, tworzenia produkt\u00f3w i us\u0142ug oraz rozwi\u0105zywania problem\u00f3w.<\/p>\n\n\n\n<p>DT koncentruje si\u0119 na ostatecznym kliencie i u\u017cytkowaniku, wykorzystuj\u0105c wiedz\u0119 zespo\u0142u specjalist\u00f3w oraz metody generowania innowacyjnych rozwi\u0105za\u0144, kt\u00f3re mo\u017cna wdro\u017cy\u0107 w \u017cycie i przetestowa\u0107 na ka\u017cdym etapie cyklu tak, by nie ponosi\u0107 koszt\u00f3w wdro\u017cenia nietrafionych rozwi\u0105za\u0144.<\/p>\n\n\n\n<p><strong>Diagnoza&nbsp;os\u00f3b i zespo\u0142\u00f3w wg metodologii<\/strong><\/p>\n\n\n\n<p>TCI Team Diagnostic\u2122 Assesment<\/p>\n\n\n\n<p>SHL Talent Measurement<\/p>\n\n\n\n<p>Extended DISC \u00ae<strong>&nbsp;<\/strong><\/p>\n\n\n\n<p>Feedback 360 stopni<\/p>\n\n\n\n<p><strong>Ka\u017cda oferta przygotowywana jest pod potrzeby konkretnej organizacji, chcesz dowiedzie\u0107 si\u0119 wi\u0119cej b\u0105d\u017a um\u00f3wi\u0107 na spotkanie\u00a0<a href=\"http:\/\/www.zenco.pl\/#contact\">napisz.<\/a><\/strong><\/p>\n\n\n\n<p>Referencje dost\u0119pne na \u017c\u0105danie.<\/p>\n","protected":false},"excerpt":{"rendered":"<p>Wsparcie w zwi\u0119kszaniu efektywno\u015bci os\u00f3b i zespo\u0142\u00f3w, kompetencji przyw\u00f3dczych &nbsp;w oparciu o metody coachingowe i projektowe: Executive coaching&nbsp; poprawa umiej\u0119tno\u015bci mened\u017cerskich, komunikacyjnych i postaw przyw\u00f3dczych wdro\u017cenie rekomendacji rozwojowych otrzymanych w wyniku Assesment Center lub Feedback 360 stopni przeciwdzia\u0142anie wypaleniu zawodowemu utrwalenie i wdro\u017cenie umiej\u0119tno\u015bci nabytych na szkoleniach wsparcie w osi\u0105ganiu cel\u00f3w osobistych i biznesowych poprawa <a href=\"http:\/\/www.zenco.pl\/?page_id=397\" rel=\"nofollow\"><span class=\"sr-only\">Read more about OFERTA DLA FIRM<\/span>[&hellip;]<\/a><\/p>\n","protected":false},"author":1,"featured_media":0,"parent":0,"menu_order":0,"comment_status":"closed","ping_status":"closed","template":"","meta":[],"_links":{"self":[{"href":"http:\/\/www.zenco.pl\/index.php?rest_route=\/wp\/v2\/pages\/397"}],"collection":[{"href":"http:\/\/www.zenco.pl\/index.php?rest_route=\/wp\/v2\/pages"}],"about":[{"href":"http:\/\/www.zenco.pl\/index.php?rest_route=\/wp\/v2\/types\/page"}],"author":[{"embeddable":true,"href":"http:\/\/www.zenco.pl\/index.php?rest_route=\/wp\/v2\/users\/1"}],"replies":[{"embeddable":true,"href":"http:\/\/www.zenco.pl\/index.php?rest_route=%2Fwp%2Fv2%2Fcomments&post=397"}],"version-history":[{"count":5,"href":"http:\/\/www.zenco.pl\/index.php?rest_route=\/wp\/v2\/pages\/397\/revisions"}],"predecessor-version":[{"id":551,"href":"http:\/\/www.zenco.pl\/index.php?rest_route=\/wp\/v2\/pages\/397\/revisions\/551"}],"wp:attachment":[{"href":"http:\/\/www.zenco.pl\/index.php?rest_route=%2Fwp%2Fv2%2Fmedia&parent=397"}],"curies":[{"name":"wp","href":"https:\/\/api.w.org\/{rel}","templated":true}]}}